1)?
21
Calculate -17 - (-6 + 27) - -42.
4
5 + 28 + -11 + -2 + -9
11
-50 + 69 - ((29 - (7 + 2)) + 5)
-6
What is the value of -9 + (1 - (1 + -9)) + 2 + 7?
9
Evaluate (2417 - 2405) + (-1 - 1) + (0 - 0) - -33.
43
What is the value of -12 - (6 + -34) - 58 - (-1 - -9 - -2)?
-52
43 + (5 - 60) + 23 + 13
24
What is the value of 19 + (-50 - -2) - (1 + -20)?
-10
(-5 - 3) + 17 + (-16 - -16) + (45 - -20)
74
(-42 - -28) + -37 - -125
74
Calculate 36 - 0 - (-149 - -117 - -116).
-48
Evaluate -9 + 4 - ((-28 - (20 - 59)) + -12).
-4
Calculate (-1174 - -1143) + -63 + 2.
-92
Evaluate -1526 + 1555 + (5 - 4) + 61.
91
What is the value of (-41 - 5 - -29) + -23?
-40
What is the value of 16 - (12 - (14 + -1 + -7)) - (-73 + -10)?
93
Calculate -49 - (5 + (10 - (-1 - -1 - -23))).
-41
0 + -47 - (-4 - 59)
16
What is 30 + -6 + (5 - -1 - 10)?
20
What is the value of 108 - -12 - 41 - 46?
33
What is (-45 + -10 + -17 - -1) + (-15 - (-6 - -3))?
-83
What is 47 + -40 + -57 - -35?
-15
Evaluate 32 + 0 + -96 + 252 + -182.
6
Evaluate -27 + (-46 - -9) + 50.
-14
What is the value of (10 + 2 - 44 - 2) + 37?
3
What is 10 + -25 - (-1 + (-9 - -7 - -7))?
-19
Evaluate -27 + (1 - -4 - (-6 - (41 + -59))) + 16.
-18
38 + -29 - (-8 + 11 + 14) - -15
7
(-10 - -43) + -11 + -50 + 61
33
Calculate (5 - -36) + 31 - 22.
50
What is 11 - (-7 + (8 - 5) + 10 + -223 + 227)?
1
106 - 51 - 58 - (1 - 24)
20
Calculate -46 + 11 + (82 - 138).
-91
Evaluate (-3 + -78 - 0) + -46 + 41 + 32 + -41.
-95
Evaluate (2770 - 2742) + (0 - 52) + -24 + 0.
-48
-46 - (0 + (-26 - -47) - 13)
-54
What is -36 - (-37 - -128) - -69?
-58
Calculate -28 - (-8 - -4 - (6 - (17 + 11 + -17))).
-29
Evaluate -6 + (27 - (81 + -59)).
-1
Calculate -35 + 51 - (-1 + -26 + 4).
39
Evaluate (-1 - 2) + (121 - 118) - -1.
1
Evaluate -8 - -6 - (53 - (-16 - -51)).
-20
What is 38 + -24 - (13 - 14)?
15
-1 + -11 + (-6 - (51 - 3)) + (4 - -1)
-61
(0 + -10 - (-1 + -137)) + -5
123
Evaluate 6 - (1 + 15 + -6) - (11 + -2 + -4).
-9
What is (19 - 87) + 31 + (18 - -73)?
54
(27 + -154 - -10) + 27 + 11
-79
43 - 64 - (-7 - 2)
-12
Calculate -246 + 97 + -21 + 108.
-62
Evaluate -540 + 558 - (-50 + -2 + 2).
68
(12 - 2 - (35 + 35)) + -22
-82
What is the value of 26 + -71 + (0 - 2 - 0) - (68 - 61)?
-54
Calculate -3 + -76 + -96 + 127.
-48
Calculate -30 + -29 + 112 + 8 + -12.
49
-113 + (24 - 14) - -212
109
Calculate (-25 + 18 - -69) + (-7 - 4) + -17.
34
What is -43 - (15 + 28 + -61)?
-25
Evaluate -12 + -3 + (-40 - -18) + 49.
12
Evaluate (-17 - -18) + -5 + -1 + 207 + -213.
-11
407 + -410 + (-4 + 0 - (5 - 5)) + 8
1
(-4 - 5) + -91 + 83 + 51 + -2
32
Calculate -50 + 78 + -120 + -12.
-104
Evaluate (3 + 34 - 29) + -1 + 23.
30
21 + (-5 - 1) + 27 - -48
90
What is the value of (422 - 388) + 0 + 1 + -10 - 2?
23
Calculate 1 + 12 - (-335 + 323 + -2 + 48).
-21
Evaluate 49 + 36 + -20 + (-17 - -1) - 2.
47
Evaluate 1 + 0 + (23 - -10 - 79 - -37).
-8
What is the value of 3 + 19 + -1 + -13 - -25?
33
What is the value of -5 - (-99 + 52) - 37?
5
Calculate -4 + 2 + 4 + -34 + 49 + 33.
50
Calculate (-1 - -30) + (-14 + 0 - (72 - 99)).
42
Calculate -17 - (-35 - (-13 + (178 - 51))).
132
Evaluate -57 + 74 + 0 + (-6 - 3) + -3.
5
Evaluate -13 + 6 + -11 + 125.
107
10 + (-15 - 1) + 12 + -8
-2
What is (-2 - (32 - 40) - (0 - -21)) + 11 + -5?
-9
Evaluate (-2 - -1) + 2 - 15 - (-8758 - -8752).
-8
Calculate 49 - (24 + -8) - -11.
44
What is -231 - -228 - (-39 - -7)?
29
Calculate (88 + (26 - 73) - 14) + -23.
4
What is (8 + -1 + (-37 - 13) - (-7 - -3)) + -3?
-42
What is -7 + -6 + 7 + -24 + (6 - 14)?
-38
What is the value of (4 - 19 - -76) + -47?
14
-2 + 3 + (19 - 15) + -14 + -52
-61
What is (10 - (10 + 13)) + 22 - -20?
29
42 + -45 + 2 + -2 + 3 + (31 - -1)
32
What is -33 + 42 + -64 + (-21 - 1)?
-77
What is the value of 16 + -35 - (-13 - 76 - -15)?
55
3 + -42 + 10 + (-42 - -25) + 20
-26
What is (-5 - (-14 + (-8 - (6 + -15)))) + -10?
-2
Evaluate (58 + -112 - -105) + -7.
44
Calculate -6 - (3 + 19 - (81 - 53)).
0
What is the value of (-2 - (-1 - 9)) + (57 - 21 - 66)?
-22
Calculate 30 - 13 - -16 - (-45 + 75).
3
Calculate 42 + -17 - (49 + -64 + 38).
2
What is (-54 - 13) + -144 + 155?
-56
What is 114 + -1 + 1 - (-21 + 13 + 4 + 15)?
103
What is the value of -100 - (1 + 5 - ((17 - 1) + -15 + 16))?
-89
Evaluate (-5 - -4) + 1 + -1 - (-50 + -14 - -42).
21
What is the value of -7 - (5 + (-8 - (3 + (-13 - -5))) + 6)?
-15
Calculate (43 - -23 - 132) + 46.
-20
What is the value of -41 - (5 + (-13 - (-32 + 17)))?
-48
Evaluate 59 + -82 + -93 + 103.
-13
Calculate -1 + -2 + 6 + 21 + -67.
-43
(-9 + (61 - 7) - 18) + -22
5
60 + -30 - (42 - 18)
6
Evaluate 6 - (-11 - (-24 + 31 + -12)).
12
Evaluate 9 + 13 + -162 + 23 + 22.
-95
(-28 - -1) + 12 + 22
7
Evaluate -1 - (130 - (-88 + 172)).
-47
Evaluate -99 + (2 - (-196 + 135)).
-36
Calculate 36 - (-32 + 30 + 17).
21
What is (33 - 108 - -77) + (21 - 0)?
23
What is (-2 - -2 - 5 - (-345 + 342)) + 33?
31
What is 89 + (1 - -35) + -28?
97
Evaluate 77 + 150 + -202 + (-12 - 0).
13
43 + (15 - (2 - -34))
22
What is the value of 68 - (107 - 82) - 15?
28
Evaluate 22 - (47 - (-62 + (-19 - -49))).
-57
-3 - (4 + 15) - -40 - 59
-41
Calculate 1 - (16 + (12 - (-9 + 11)) + -7).
-18
Calculate (76 - 53) + 34 - 64.
-7
109 + (0 - -36 - (21 - -24))
100
What is the value of -2 - (-19 + 76 - (13 - 0)) - 25?
-71
Evaluate (0 - (8 - 27)) + -23 - 43.
-47
What is the value of 8 + -11 + (24 - 31 - (4 + -58))?
44
Evaluate -430 + 448 + (18 - 0).
36
What is the value of -1 - 3 - (-9 + -2 + -78 + (9 - 6))?
82
What is the value of 112 - (-40 + 147 - 141)?
146
What is the value of -91 - -3 - (-5657 + 5570)?
-1
Evaluate (1 - -59) + 1193 + -1216 - 80.
-43
What is the value of (-14 - (-17 - (-20 - 19))) + 130?
94
Evaluate -108 - (-134 - 78) - 189.
-85
What is (5 - 3) + (-39 - (-10 + 20))?
-47
What is -9 - (-391 + 388 - (-33 - -3))?
-36
What is 75 + -223 - -128 - (-1 - (138 - 0))?
119
Calculate 40 + (-24 - (-24 - -42)) - (41 + -2).
-41
What is the value of (8 - (-11 + -2 - (3 - 1))) + -1?
22
Evaluate -41 + (-25 - -83) - (14 - 36).
39
Calculate 11 + -10 + (27 - 13) + -15 + 0 + -28.
-28
Calculate 2 - (0 + 0 + (18 - 4 - -28)).
-40
What is the value of 2 - 5 - -8 - (30 + (-34 - -22))?
-13
What is the value of 19 - (18 + 33) - (8 + -14)?
-26
What is 2 + (3 + 7 + 3 - 9) + -2 + 44?
48
Calculate 57 + -83 + (15 - -1) + (6 - 12) + 35.
19
Evaluate 24 + 69 + 6 + (7 - -7) + 8 + -9.
112
(16 - 12) + -8 + 0 - -9
5
Calculate (13 - 4) + (29 - (-6 - -23)).
21
What is the value of -5 - (-2 + 1 + 5 + 119 + -126 - 28)?
26
What is the value of (18 - 21 - 49) + 1?
-51
Calculate (31 - 2) + (1100 - 1099).
30
What is the value of -17 + (1 - -7 - -1) + (-2096 - -2103)?
-1
Evaluate -98 + 254 + -128 + (1 - -10).
39
What is (5 - 7) + -8 + 15 + -16?
-11
Calculate 54575 + -54578 + (-55 + 2 + 0 - 2).
-58
Evaluate 137 + (-153 - -47) + 26.
57
Calculate 6 + (-16 + -3 + 27 - (13 + -8)) - -88.
97
What is 28 + -13 + -9 - 12 - (-21 - 1)?
16
Evaluate (36 - 44) + 61 - 11.
42
Evaluate 1 + -6 + 18 - ((-15 - -31) + 44).
-47
Calculate (65 + -11 - 164) + 64.
-46
What is (-2 - -36) + (-379 - -299) + (4 - -1)?
-41
-14 - (62 + (-16 - 70) + -7 + 1)
16
Calculate 27 - ((43 - -22) + -78).
40
Evaluate -14 - (58 + -79) - (-3 - (-2 - (51 - 0))).
-43
Evaluate 39 + 84 + -89 + 28.
62
What is (-44 - -5) + (14 + -19 + 3 - (-6 + -2))?
-33
What is 13 + -18 + (-5 + 9 - -1) + 1 - 0?
1
Evaluate -1 + -1 - 48 - (-65 + 146 - 88).
-43
What is 13 - -3 - (-44 - 0 - -6)?
54
Evaluate 28 - ((-51 - -77) + 39).
-37
Calculate (106 - 147) + 2 + -8 + -4 + 3.
-48
What is the value of -6 + -1 - (7 + -15) - (88 - (10 - 1))?
-78
What is -78 + -10 + 68 + (62 - 0) - -5?
47
What is the value of 26 - -42 - 45 - -8?
31
What is 19 + -8 - ((3 - 7) + -10)?
25
Evaluate (35 - -3) + 52 + (49 - 222).
-83
Evaluate -107 + (37 - 43 - -199).
86
What is 58 + (-26 + 25 - -11) - (18 - 1)?
51
What is (-2 - (0 + 5) - (1 + -21)) + -11 + -7?
-5
What is 23 + 10 - 40 - -8 - (33 + -3)?
-29
(39 - (-17 + 129 + 13)) + -15
-101
What is 3 + 0 - (-4 - 1) - (23 - 23)?
8
What is -821 + 864 - (-3 - (3 - (2 - 0)))?
47
What is the value of (0 - 20) + -13 + 110 + -100?
-23
What is the value of (200 - 103 - 145) + -2 + 0?
-50
Evaluate 1373 - 1354 - (-1 - 11).
31
Calculate (180 - -3) + (2792 - 2902).
73
What is the value of -18 + (-7 - 22) + -52?
-99
19 + -10 + 12 + (-25